{"id":30,"date":"2020-08-10T14:32:27","date_gmt":"2020-08-10T12:32:27","guid":{"rendered":"http:\/\/hotel-haus-mechthild-sindelfinge.de\/?page_id=22"},"modified":"2020-08-10T14:52:00","modified_gmt":"2020-08-10T12:52:00","slug":"impressum","status":"publish","type":"page","link":"https:\/\/www.hotel-haus-mechthild-sindelfingen.de\/?page_id=30","title":{"rendered":"Impressum"},"content":{"rendered":"<div class=\"telegate-layout-wrapper\">\n<div class=\"telegate-content-layout\">\n<div class=\"telegate-content-layout-row\">\n<div class=\"telegate-layout-cell telegate-content\">\n<div class=\"item-page\">\n<article class=\"telegate-post\">\n<div class=\"telegate-postcontent telegate-postcontent-0 clearfix\">\n<div class=\"telegate-article\">\n<div class=\"telegate-content-layout\">\n<div class=\"telegate-content-layout-row\">\n<div class=\"telegate-layout-cell\">\n<h1>Angaben gem\u00e4\u00df \u00a7 5 TMG:<\/h1>\n<p><strong>V-HOTELGESELLSCHAFT mbH<\/strong><br \/>\nJohann-Widmann Stra\u00dfe 14<br \/>\n71069 Sindelfingen<br \/>\n07031 7214102<\/p>\n<h2>Kontakt:<\/h2>\n<p><strong>Telefon:<\/strong> 07031 7214102<br \/>\n<strong>Telefax:<\/strong> 07031 6875630<br \/>\n<strong>E-Mail: <a href=\"mailto:info@hotel-haus-mechthild-sindelfingen.de\">info@hotel-haus-mechthild-sindelfingen.de<\/a><\/strong><\/p>\n<p>Inhaltlich Verantwortlicher<br \/>\ngem\u00e4\u00df \u00a7 55 Abs. 2 RStV.:<br \/>\n<strong>Valon ZuhraniSitz der Gesellschaft: Sindelfingen<br \/>\nAmtsgericht Stuttgart: HRB 765484<br \/>\nGesch\u00e4ftsf\u00fchrer: Valon Zuhrani<br \/>\nUSt.-IdNr. DE319852819<\/strong><\/p>\n<h2>Allgemeiner Disclaimer<\/h2>\n<p>&#8222;F\u00fcr Vollst\u00e4ndigkeit, Fehler redaktioneller und technischer Art, Auslassungen usw. sowie die Richtigkeit der Eintragungen kann keine Haftung \u00fcbernommen werden. Insbesondere kann keine Gew\u00e4hr f\u00fcr die Vollst\u00e4ndigkeit und Richtigkeit von Informationen \u00fcbernommen werden, die \u00fcber weiterf\u00fchrende Links erreicht werden. Anbieter sind f\u00fcr die eigenen Inhalte, die sie zur Nutzung bereithalten, nach den allgemeinen Gesetzen verantwortlich. Von diesen eigenen Inhalten sind Querverweise auf die von anderen Anbietern bereitgehaltenen Inhalte zu unterscheiden. Die Verweise durch Hyperlinks auf Inhalte fremder Webseiten dienen lediglich der Information. Die Verantwortlichkeit f\u00fcr diese fremden Inhalte liegt alleine bei dem Anbieter, der die Inhalte bereith\u00e4lt. Vor dem Einrichten des entsprechenden Verweises sind die Webseiten der anderen Anbieter mit gro\u00dfer Sorgfalt und nach bestem Wissen und Gewissen \u00fcberpr\u00fcft worden. Es kann jedoch keine Gew\u00e4hr f\u00fcr die Vollst\u00e4ndigkeit und Richtigkeit von Informationen \u00fcbernommen werden, die \u00fcber weiterf\u00fchrende Hyperlinks erreicht werden. Der Inhalt der anderen Webseiten kann jederzeit ohne unser Wissen ge\u00e4ndert werden. F\u00fcr s\u00e4mtliche Links auf diesen Seiten gilt: Wir betonen, dass wir keinen Einfluss auf die Gestaltung und die Inhalte der durch Link von unserer Homepage aus erreichbaren Seiten anderer Anbieter haben und uns deren Inhalt nicht zu eigen machen. Diese Erkl\u00e4rung gilt f\u00fcr alle Seiten dieser Homepage und die dort angebrachten Links. Falls wir auf Seiten verweisen, deren Inhalt Anlass zur Beanstandung gibt, bitten wir um Mitteilung.&#8220;<\/p>\n<h3>Referenzen und Beispiele finden Sie auf :<\/h3>\n<ol>\n<li>\n<h2>Wir legen Wert auf den Schutz personenbezogener Daten.<\/h2>\n<p>Wir erheben, verarbeiten und nutzen Ihre personenbezogenen Daten ausschlie\u00dflich gem\u00e4\u00df den Bestimmungen des deutschen Datenschutzrechts. Im Folgenden unterrichten wir Sie \u00fcber Art, Umfang und Zwecke der Erhebung, Verarbeitung und Nutzung personenbezogener Daten. Sie k\u00f6nnen diese Unterrichtung jederzeit auf unserer Webseite abrufen. Falls Sie \u00fcber Links auf unseren Seiten auf andere Seiten weitergeleitet werden, informieren Sie sich bitte dort \u00fcber den jeweiligen Umgang mit Ihren Daten.<br \/>\nSie k\u00f6nnen diese Webseite jederzeit abrufen, ohne Angaben \u00fcber Ihre Person zu machen.<\/li>\n<li>\n<h2>Daten\u00fcbermittlung und -protokollierung zu systeminternen und statistischen Zwecken<\/h2>\n<p>Wir erheben und speichern automatisch in so genannten Server Log Files Informationen, die Ihr Internet-Browser (\u00fcber einen PC oder ein mobiles Endger\u00e4t) an uns \u00fcbermittelt. Dies sind unter anderem:<\/p>\n<ul>\n<li>Browsertyp\/ -version<\/li>\n<li>Verwendetes Betriebssystem<\/li>\n<li>Referrer URL (die zuvor besuchte Seite)<\/li>\n<li>Hostname des zugreifenden Rechners (IP Adresse)<\/li>\n<li>Datum und Uhrzeit der Serveranfrage<\/li>\n<li>Meldung, ob der Abruf erfolgreich war<\/li>\n<li>Name der abgerufenen Datei<\/li>\n<li>Menge der gesendeten Daten.<\/li>\n<\/ul>\n<p>Eine Zuordnung dieser Daten zu einer bestimmten Person ist uns nicht m\u00f6glich. Eine Zusammenf\u00fchrung dieser Daten mit anderen Datenquellen wird nicht vorgenommen. Diese Daten werden zu statistischen Zwecken, um die Qualit\u00e4t dieser Webseite und der Services dieser Webseite zu verbessern ausgewertet und im Anschluss gel\u00f6scht.<br \/>\nWeitergehende personenbezogene Daten werden nur erfasst, wenn Sie diese Angaben freiwillig, etwa im Rahmen einer Anfrage oder Registrierung machen.<\/li>\n<li>\n<h2>Kontaktdaten versenden<\/h2>\n<p>Wenn Kontaktdaten \u00fcber Email oder SMS \u00fcber diese Webseite verwendet werden, werden diese ausschlie\u00dflich zur Abwicklung des entsprechenden Dienstes, zu Abrechnungszwecken und zur Vermeidung und zur Bek\u00e4mpfung von Missbrauchsf\u00e4llen gespeichert. Bez\u00fcglich Art und Dauer der Speicherung beachten wir die geltenden rechtlichen Bestimmungen.<\/li>\n<li>\n<h2>Cookies<\/h2>\n<p><strong>&#8222;Cookies&#8220;<\/strong>sind alphanumerische Identifizierungszeichen, die tempor\u00e4r im Arbeitsspeicher abgelegt (&#8222;Session Cookies&#8220;) oder permanent auf der Festplatte gespeichert (&#8222;permanenter Cookie&#8220;) werden.<br \/>\nWir setzen auf dieser Webseite so genannte Cookies ein und erheben, verarbeiten und nutzen damit Ihre Nutzungsdaten. Der Einsatz dieser Cookies dient dazu, diese Webseite nutzerfreundlicher, effektiver und sicherer zu machen. Wenn Sie diese Webseite besuchen, ohne ein Mitgliedskonto eingerichtet zu haben, werden die von Ihnen eingegebenen Daten ausschlie\u00dflich in einem Cookie auf Ihrem Computer gespeichert. Daten werden in diesem Fall nur bei einer Seitenanforderung an die Server dieser Webseite \u00fcbermittelt. Die Werbepartner der Webseite setzen zur Optimierung der Schaltung von Werbeanzeigen ebenfalls Cookies ein, wobei diese Daten nicht dazu benutzt werden, den Besucher dieser Webseite pers\u00f6nlich zu identifizieren und nicht mit personenbezogenen Daten zusammengef\u00fchrt werden.<br \/>\nDiese Webseite verwendet einerseits sogenannte &#8222;Session-Cookies&#8220;, die ausschlie\u00dflich f\u00fcr die Dauer der Nutzung eines Nutzers dieser Webseite zwischengespeichert werden.<br \/>\nZum anderen benutzt diese Webseite &#8222;permanente Cookies&#8220;, um Informationen \u00fcber Besucher festzuhalten, die wiederholt auf eine unserer Internetseiten zugreifen. Der Zweck des Einsatzes dieser Cookies besteht darin, Ihnen eine optimale Benutzerf\u00fchrung anbieten zu k\u00f6nnen sowie Sie &#8222;wiederzuerkennen&#8220; und Ihnen bei wiederholter Nutzung eine m\u00f6glichst abwechslungsreiche Internetseite und neue Inhalte pr\u00e4sentieren zu k\u00f6nnen.<br \/>\n<strong>Eine Nutzung dieser Webseite ist auch ohne Cookies m\u00f6glich. Sie k\u00f6nnen in Ihrem Browser das Speichern von Cookies deaktivieren, auf bestimmte Webseiten beschr\u00e4nken oder Ihren Browser so einstellen, dass Sie benachrichtigt werden, sobald ein Cookie gesendet wird. Sie k\u00f6nnen Cookies auch jederzeit von der Festplatte Ihres PC l\u00f6schen (Ordner: &#8222;Cookies&#8220;).<\/strong>Sie m\u00fcssen aber beachten, dass wenn funktionsbezogene Cookies abgelehnt werden sollten, die Funktionalit\u00e4t dieser Webseite nicht oder nur eingeschr\u00e4nkt m\u00f6glich ist; denn bestimmte Funktionen sind nur verf\u00fcgbar, wenn und soweit dem Einsatz funktionsbezogener Cookies zugestimmt wird.<\/p>\n<h2><\/h2>\n<\/li>\n<li>\n<h2>Urheberrecht<\/h2>\n<p>Texte, Layout, Bilder, Grafiken und Funktionalit\u00e4ten sind gesetzlich gesch\u00fctzt. Dies betrifft insbesondere Markenrechte und alle anderen Formen geistiger Eigentumsrechte. Eine Verwendung, Vervielf\u00e4ltigung, Ver\u00e4nderung oder Weitergabe einzelner Inhalte und\/oder kompletter Seiten auch in anderen elektronischen oder gedruckten Publikationen ist ohne ausdr\u00fcckliche Genehmigung des Rechteinhabers nicht zul\u00e4ssig. Zuwiderhandlungen werden zivil- und strafrechtlich verfolgt.<\/li>\n<li>\n<h2>Auskunft<\/h2>\n<p>Sie haben jederzeit das Recht auf Auskunft \u00fcber die bez\u00fcglich Ihrer Person gespeicherten Daten, deren Herkunft und Empf\u00e4nger sowie den Zweck der Speicherung. Auskunft \u00fcber die gespeicherten Daten erhalten Sie unter der im Impressum angegebenen Adresse.<\/li>\n<li>\n<h2>Anwendbares Recht<\/h2>\n<p>Es gilt ausschlie\u00dflich deutsches Recht.<\/li>\n<li>\n<h2>Weitere Informationen<\/h2>\n<p>Ihr Vertrauen ist uns wichtig. Daher m\u00f6chten wir Ihnen jederzeit Rede und Antwort bez\u00fcglich der Verarbeitung Ihrer personenbezogenen Daten stehen. Wenn Sie Fragen haben, die Ihnen diese Datenschutzerkl\u00e4rung nicht beantworten konnte oder wenn Sie zu einem Punkt vertiefte Informationen w\u00fcnschen, wenden Sie sich bitte jederzeit an uns unter der im Impressum angegebenen Adresse.<\/p>\n<p>Stand:\u00a0Oktober 2016<\/li>\n<\/ol>\n<\/div>\n<\/div>\n<\/div>\n<\/div>\n<\/div>\n<\/article>\n<\/div>\n<\/div>\n<\/div>\n<\/div>\n<\/div>\n<footer class=\"telegate-footer\">\n<div class=\"telegate-nostyle\"><\/div>\n<\/footer>\n","protected":false},"excerpt":{"rendered":"<p>Angaben gem\u00e4\u00df \u00a7 5 TMG: V-HOTELGESELLSCHAFT mbH Johann-Widmann Stra\u00dfe 14 71069 Sindelfingen 07031 7214102 Kontakt: Telefon: 07031 7214102 Telefax: 07031 6875630 E-Mail: [&hellip;]<\/p>\n","protected":false},"author":1,"featured_media":0,"parent":0,"menu_order":7,"comment_status":"closed","ping_status":"closed","template":"","meta":{"footnotes":""},"class_list":["post-30","page","type-page","status-publish","hentry"],"_links":{"self":[{"href":"https:\/\/www.hotel-haus-mechthild-sindelfingen.de\/index.php?rest_route=\/wp\/v2\/pages\/30","targetHints":{"allow":["GET"]}}],"collection":[{"href":"https:\/\/www.hotel-haus-mechthild-sindelfingen.de\/index.php?rest_route=\/wp\/v2\/pages"}],"about":[{"href":"https:\/\/www.hotel-haus-mechthild-sindelfingen.de\/index.php?rest_route=\/wp\/v2\/types\/page"}],"author":[{"embeddable":true,"href":"https:\/\/www.hotel-haus-mechthild-sindelfingen.de\/index.php?rest_route=\/wp\/v2\/users\/1"}],"replies":[{"embeddable":true,"href":"https:\/\/www.hotel-haus-mechthild-sindelfingen.de\/index.php?rest_route=%2Fwp%2Fv2%2Fcomments&post=30"}],"version-history":[{"count":3,"href":"https:\/\/www.hotel-haus-mechthild-sindelfingen.de\/index.php?rest_route=\/wp\/v2\/pages\/30\/revisions"}],"predecessor-version":[{"id":304,"href":"https:\/\/www.hotel-haus-mechthild-sindelfingen.de\/index.php?rest_route=\/wp\/v2\/pages\/30\/revisions\/304"}],"wp:attachment":[{"href":"https:\/\/www.hotel-haus-mechthild-sindelfingen.de\/index.php?rest_route=%2Fwp%2Fv2%2Fmedia&parent=30"}],"curies":[{"name":"wp","href":"https:\/\/api.w.org\/{rel}","templated":true}]}}